/(-2). Let j = -34 - a. List the prime factors of j.
13
Suppose -3*f + 2*f - 2*p + 7 = 0, 2*f - 3*p = 7. Suppose 4*h = 4*a + 24, 3 - 13 = -3*h + a. Let o = h + f. List the prime factors of o.
7
Let u = 117 - 8. List the prime factors of u.
109
Let z be (-39)/(-15) + 2/5. Let d be 1/2*2 + z. Let j = d - -4. List the prime factors of j.
2
Let f(p) = p**2 + 5*p + 2. Let o be f(-2). What are the prime factors of o/6 + 33/9?
3
Let g(v) = v**3 + 7*v**2 + 7*v + 5. Let o = -13 + 8. List the prime factors of g(o).
2, 5
Suppose 2*q + 5 = -5*o + 176, 380 = 5*q + 3*o. List the prime factors of q.
73
What are the prime factors of 1 + 2 - (-5 + 0)?
2
Suppose -3*m = -u + 41, -5*u - 6*m + 3*m = -205. What are the prime factors of u?
41
Let l(u) = -7*u + 2. List the prime factors of l(-3).
23
Let x(j) = j**2 + 3*j + 2. Let l be x(-2). Suppose -4*q + 36 - 8 = l. What are the prime factors of q?
7
Let y = -20 + 66. List the prime factors of y.
2, 23
Let s(r) = -r - 1. Let l be s(-3). Let p = l - -4. What are the prime factors of p?
2, 3
Let k be (10/(-3))/(4/(-6)). Suppose 3*v - 16 = k. What are the prime factors of v?
7
Suppose 0 = 3*v + 9, -5*v - 18 = -c + 1. Let i = 17 + c. List the prime factors of i.
3, 7
Suppose 4*g + 2 = 2*g. Let h(z) = -5*z**3 + z**2 - z - 1. Let d be h(g). Suppose -5*c - d + 66 = 0. List the prime factors of c.
2, 3
Let y be (28 + -4)*2/1. What are the prime factors of (y/15)/(2/10)?
2
Let a(v) be the second derivative of 0 - 2*v - v**2 - 1/6*v**3. What are the prime factors of a(-6)?
2
Let k(m) = 3*m**2 - 14*m + 8. What are the prime factors of k(9)?
5
Let k(c) = 3*c**3 - 4*c**2 - 2*c + 2. What are the prime factors of k(3)?
41
Let k be 6/(-9) - (-4)/6. Suppose i - 37 = 3*s - k*s, -2*s - 5*i = 19. What are the prime factors of (-3)/s - 27/(-4)?
7
Let f(z) = 2*z**2 - 1 - 10*z**3 + 52*z**3 + 0*z**2. Let s be f(1). Suppose -4*u = 15 - s. What are the prime factors of u?
7
Suppose 0 = 2*p - 3*i + 5, 2*i = -5*p - 2*i + 22. Suppose 0 = -3*g + 8 + 4. Suppose y = u - 8, -p*u - 3*y + g = 2*u. What are the prime factors of u?
2
Suppose g = 9*g - 248. What are the prime factors of g?
31
What are the prime factors of (248/20)/((-12)/(-30))?
31
Let w(r) = 132*r**3 + 2*r**2 - 1. List the prime factors of w(1).
7, 19
Let y(c) = 4*c**2 + 3*c - 5. List the prime factors of y(4).
71
Suppose -3*m + 1 - 7 = 0, 0 = 2*i + m + 12. List the prime factors of i*(252/(-20) + 2).
53
Suppose 0 = 7*q - 2*q. Let j be (0 + -2 - -4) + 0. Suppose -5*n = -q*n - g - 12, -3*g = 4*n - j. List the prime factors of n.
2
Let g(r) = -r**3 + 5*r**2 + 8*r - 8. Let v(l) = -l**2 + 9*l - 2. Let y be v(8). List the prime factors of g(y).
2
Let s be (-3)/(6/2)*-1. Let q(c) = c**3 + 4*c**2 + 3*c + 1. Let d be q(-4). What are the prime factors of 2 - 1 - d - s?
11
Suppose -20 = -2*k - 3*k. Let w = -19 + 29. Suppose w = -5*i, k*o - 18 = -4*i - i. What are the prime factors of o?
7
Suppose 0 = -0*t + t + 3*q - 11, -26 = -4*t - 3*q. Suppose -t - 1 = -v. What are the prime factors of v?
2, 3
Suppose 15 = -2*j + 79. Suppose 1 = r, -2*r - 3 = -2*w + 5. Suppose -q + w*q - j = 0. List the prime factors of q.
2
Suppose 2*y - n - 426 = -2*y, -y - 5*n + 96 = 0. Suppose 86 = 3*p + d, -4*p + 4*d + y = -p. What are the prime factors of p?
2, 3, 5
Suppose 204 = 2*u - 3*k, -4*u + 0*u + 408 = -2*k. List the prime factors of u.
2, 3, 17
What are the prime factors of -63*((-2)/(-6))/((-4)/12)?
3, 7
What are the prime factors of ((-104)/(-10))/(0 - (-4)/30)?
2, 3, 13
Let p = 67 - 31. List the prime factors of p.
2, 3
Suppose -2*p + 62 = -102. What are the prime factors of p?
2, 41
Let j be (-3 - -5)/((-4)/(-8)). Suppose -s - 14 = -z, 0*z - 20 = -2*z + j*s. List the prime factors of z.
2, 3
Let f be -3 + 1*(3 - -16). Suppose -3*g = -2*x - 17, -2*g + 4*x + 0*x + 22 = 0. Suppose 5*s - s - f = -g*u, -3*s - 5*u + 12 = 0. List the prime factors of s.
2
Suppose 4*s = -5*k + 7, 8 = s - 2*k + 3. What are the prime factors of s?
3
Suppose 0 = 2*w - 1 + 5. What are the prime factors of (10/5)/(w/(-40))?
2, 5
Let i(b) = b**2 + 19*b - 78. What are the prime factors of i(-25)?
2, 3
Let x = -13 - -145. List the prime factors of x.
2, 3, 11
What are the prime factors of ((-6)/(-8))/((-11)/(-2508))?
3, 19
Suppose 8 = o + 3*o. Let n(q) be the first derivative of q**3/3 + q**2/2 + 1. List the prime factors of n(o).
2, 3
Suppose -3*k + 20 = k. Let b be k + 1 - (1 + 0). Let g = b - 2. List the prime factors of g.
3
Suppose 2*y = 5*q + 24, 3*y - 3 = -2*q + 14. Let j(s) = 4*s + 6. Let a be j(y). Suppose -5*h + a = 14. List the prime factors of h.
2
List the prime factors of 15 - (-2)/2*3.
2, 3
What are the prime factors of -10 + 54 - (-1 - -2)?
43
Let z be ((-60)/(-3))/(-2) + 2. Let s = 13 + z. Suppose -v + 2 = -4*o + o, s*v - 61 = -2*o. List the prime factors of v.
11
List the prime factors of (-2)/(-8) - 3/(-24)*142.
2, 3
Let t = 145 - 80. What are the prime factors of t?
5, 13
Suppose 5*q - 2*h = 265, -2*q + 0 + 120 = 2*h. What are the prime factors of q?
5, 11
Let t = 4 - 14. Let m = -48 - -34. Let p = t - m. What are the prime factors of p?
2
Let r(b) = -b**3 - b**2 - b + 25. Let p be r(0). Suppose p = q + 2. List the prime factors of q.
23
List the prime factors of (-2 - 29)*-1 + 5.
2, 3
Let y(j) = 1 + 2*j + 5*j + 0. What are the prime factors of y(3)?
2, 11
Let n(u) be the second derivative of -u**5/20 - 11*u**4/12 - u**3/3 + 2*u**2 + u. List the prime factors of n(-11).
2, 13
Suppose 0 = 5*c - 3*v + 15, 2*c = c - 3*v - 3. Let x(w) = 6*w**2 - w + 1. Let z be x(1). Let i = c + z. What are the prime factors of i?
3
Let b(u) = -u**3 - 2*u**2 - u. Let w(l) = -l**2 - l + 4. Let r be w(-3). List the prime factors of b(r).
2
Suppose -5*g + 2*m + 106 = -g, -63 = -3*g - 4*m. List the prime factors of g.
5
Let o(l) = -2*l**2 + l**2 + 0*l**2 - l**3 + 1 - l. Let j(d) = -d + 2. Let f be j(4). List the prime factors of o(f).
7
Let c = -157 - -236. Let v = -47 + c. What are the prime factors of v?
2
Suppose -2*g + j = -6, 0 = 5*g + 5*j - 16 + 1. Let h(z) = -9*z - 2. Let w be h(-2). Suppose w = y + g*y. What are the prime factors of y?
2
Let g = -68 + 166. List the prime factors of g.
2, 7
Let l(t) = -11*t**2 + t - 1. Let j be l(1). Let r(x) = -x - 9. Let f be r(j). Suppose -1 = -f*m + 9. What are the prime factors of m?
5
Suppose -6 = -5*d - 2*y, -2*d + 2*y = y - 6. Suppose -2*w - d*b + 56 = 0, -5*w + 4*b + 113 = -45. List the prime factors of w.
2, 3, 5
Let k = -8 + 122. List the prime factors of k.
2, 3, 19
Let f be (2/(-6)*0)/(-2). Let z(d) = -d**3 + d**2 - d - 2. Let u be z(f). What are the prime factors of -2 + (u - -18 - 1)?
13
Let t = -30 + 12. Let x = -44 + 19. Let p = t - x. List the prime factors of p.
7
Let n = 8 - 11. Let f be (17 - 2)*(-3)/n. Suppose 2*a - 9 - f = 0. List the prime factors of a.
2, 3
Let o(l) = l**3 - 10*l**2 - 8*l - 2. What are the prime factors of o(11)?
31
Let y(k) = -6 + 3 - 6*k - 8 + k**2. Let b(m) = -3*m**3 - 3*m**2 + 3*m + 3. Let f be b(-2). What are the prime factors of y(f)?
2
Let n(o) = 4*o**2 + o. Let l be n(1). Suppose -5*h + 10 = 4*r, -2*h + 0*h - l*r + 4 = 0. Suppose -h*g + 16 = -3*y + 4*y, -4*g = 0. List the prime factors of y.
2
Suppose 0 = -4*a + 5*a - 6. Let k(f) = -f + 1. Let v be k(a). Let b = -2 - v. List the prime factors of b.
3
Let g be (-4)/3 + (-144)/(-27). Suppose -g*b = 4*f - 88, -2*f - 3*f + 137 = -4*b. What are the prime factors of f?
5
Let f be (6/4)/((-9)/(-30)). Suppose -3*i = 3*a - 36, 2*i - 4 = -2*a + f*i. List the prime factors of a.
2
Let c(z) = -z**3 + 4*z**2 + 5*z - 6. Let x be c(5). Let v(g) = g**2 - 4. What are the prime factors of v(x)?
2
Let i(n) = -n**3 - 8*n**2 - 7*n + 10. Let a = 7 - 14. Let c be i(a). Suppose -5*d + 66 = -4*z, -c = 2*d - 2*z - 38. List the prime factors of d.
2, 5
Suppose 0*i = -2*i + 6. What are the prime factors of 9/i + (0 - -1)?
2
Suppose 4*s - 11 = 33. What are the prime factors of s?
11
Let k(u) = u**2 + 2*u + 5. List the prime factors of k(6).
53
Let u(g) = -g**3 + 8*g**2 - 7*g - 7. Let v be u(6). Suppose 2*p = 18 - 2. Let d = v - p. What are the prime factors of d?
3, 5
Let l(u) = 20*u**2 - 3*u + 7. What are the prime factors of l(2)?
3
Suppose -2341 = -5*n + 34. Let i be 2/(-8) + n/(-20). Let v = 36 + i. What are the prime factor